{"id":400,"date":"2024-10-21T11:47:40","date_gmt":"2024-10-21T11:47:40","guid":{"rendered":"https:\/\/projetos.laizadreyer.com.br\/julianaestetica\/?page_id=400"},"modified":"2024-10-28T14:04:26","modified_gmt":"2024-10-28T14:04:26","slug":"blog-2","status":"publish","type":"page","link":"https:\/\/projetos.laizadreyer.com.br\/julianaestetica\/blog-2\/","title":{"rendered":"Blog"},"content":{"rendered":"\t\t<div data-elementor-type=\"wp-page\" data-elementor-id=\"400\" class=\"elementor elementor-400\">\n\t\t\t\t<div class=\"elementor-element elementor-element-d4e7896 e-flex e-con-boxed e-con e-parent\" data-id=\"d4e7896\" data-element_type=\"container\" data-settings=\"{&quot;background_background&quot;:&quot;classic&quot;}\">\n\t\t\t\t\t<div class=\"e-con-inner\">\n\t\t<div class=\"elementor-element elementor-element-ce68c04 e-con-full e-flex e-con e-child\" data-id=\"ce68c04\" data-element_type=\"container\" data-settings=\"{&quot;background_background&quot;:&quot;classic&quot;}\">\n\t\t\t\t<div class=\"elementor-element elementor-element-f109000 elementor-widget elementor-widget-heading\" data-id=\"f109000\" data-element_type=\"widget\" data-widget_type=\"heading.default\">\n\t\t\t\t<div class=\"elementor-widget-container\">\n\t\t\t\t\t<h2 class=\"elementor-heading-title elementor-size-default\">Blog<\/h2>\t\t\t\t<\/div>\n\t\t\t\t<\/div>\n\t\t\t\t<\/div>\n\t\t\t\t\t<\/div>\n\t\t\t\t<\/div>\n\t\t<div class=\"elementor-element elementor-element-e5cc5af e-flex e-con-boxed e-con e-parent\" data-id=\"e5cc5af\" data-element_type=\"container\">\n\t\t\t\t\t<div class=\"e-con-inner\">\n\t\t<div class=\"elementor-element elementor-element-83d5abe e-con-full e-flex e-con e-child\" data-id=\"83d5abe\" data-element_type=\"container\">\n\t\t\t\t<div class=\"elementor-element elementor-element-8813153 upk-primary-meta-end-position--yes elementor-invisible elementor-widget elementor-widget-upk-alter-grid\" data-id=\"8813153\" data-element_type=\"widget\" data-settings=\"{&quot;_animation&quot;:&quot;fadeIn&quot;}\" data-widget_type=\"upk-alter-grid.default\">\n\t\t\t\t<div class=\"elementor-widget-container\">\n\t\t\t\t\t\n\t\t<div class=\"upk-alter-grid\">\n\t\t\t<div class=\"upk-post-grid upk-style-1\">\n\n\t\t\t\t\n\t\t\t\t\t\t\t<div class=\"upk-item\">\n\t\t\t<div class=\"upk-item-box\">\n\t\t\t\t<div class=\"upk-img-wrap\">\n\t\t\t\t\t<div class=\"upk-main-img\">\n\t\t\t\t\t\t<img fetchpriority=\"high\" decoding=\"async\" width=\"1280\" height=\"854\" src=\"https:\/\/projetos.laizadreyer.com.br\/julianaestetica\/wp-content\/uploads\/2024\/10\/Design-sem-nome-39.png\" class=\"upk-img\" alt=\"O que \u00e9 o Preenchimento da Mand\u00edbula?\" srcset=\"https:\/\/projetos.laizadreyer.com.br\/julianaestetica\/wp-content\/uploads\/2024\/10\/Design-sem-nome-39.png 1280w, https:\/\/projetos.laizadreyer.com.br\/julianaestetica\/wp-content\/uploads\/2024\/10\/Design-sem-nome-39-300x200.png 300w, https:\/\/projetos.laizadreyer.com.br\/julianaestetica\/wp-content\/uploads\/2024\/10\/Design-sem-nome-39-1024x683.png 1024w, https:\/\/projetos.laizadreyer.com.br\/julianaestetica\/wp-content\/uploads\/2024\/10\/Design-sem-nome-39-768x512.png 768w\" sizes=\"(max-width: 1280px) 100vw, 1280px\" \/>\t\t\t\t\t\t\t\t\t\t\t\t\t\t\t\t\t<\/div>\n\t\t\t\t<\/div>\n\n\t\t\t\t<div class=\"upk-content\">\n\t\t\t\t\t<div>\n\n\t\t\t\t\t\t\t\t<div class=\"upk-category\">\n\t\t\t<a href=\"https:\/\/projetos.laizadreyer.com.br\/julianaestetica\/category\/especialidades\/\">Especialidades<\/a>\t\t<\/div>\n\t\n\t\t\t\t\t\t<h3 class=\"upk-title\"><a href=\"https:\/\/projetos.laizadreyer.com.br\/julianaestetica\/o-que-e-o-preenchimento-da-mandibula\/\" title=\"O que \u00e9 o Preenchimento da Mand\u00edbula?\" class=\"title-animation-underline\" >O que \u00e9 o Preenchimento da Mand\u00edbula?<\/a><\/h3>\t\t\t\t\t\t<div class=\"upk-text-wrap\">\n\t\t\t\t\t\t\t\t\t<div class=\"upk-text\">\n\t\t\t<p>O preenchimento da mand\u00edbula \u00e9 um procedimento est\u00e9tico n\u00e3o invasivo que visa redefinir e contornar a linha da mand\u00edbula, proporcionando um rosto mais harmonioso e<\/p>\n\t\t<\/div>\n\t\t\t\t\t\t\t\t\t\t\t\t\t\t<\/div>\n\n\t\t\t\t\t\t\n\t\t\t\t\t<\/div>\n\t\t\t\t<\/div>\n\n\t\t\t<\/div>\n\t\t<\/div>\n\t\n\t\t\t\t\n\t\t\t\t\t\t\t<div class=\"upk-item\">\n\t\t\t<div class=\"upk-item-box\">\n\t\t\t\t<div class=\"upk-img-wrap\">\n\t\t\t\t\t<div class=\"upk-main-img\">\n\t\t\t\t\t\t<img decoding=\"async\" width=\"1600\" height=\"1067\" src=\"https:\/\/projetos.laizadreyer.com.br\/julianaestetica\/wp-content\/uploads\/2024\/10\/Design-sem-nome-38.png\" class=\"upk-img\" alt=\"O que \u00e9 o Preenchimento Labial?\" srcset=\"https:\/\/projetos.laizadreyer.com.br\/julianaestetica\/wp-content\/uploads\/2024\/10\/Design-sem-nome-38.png 1600w, https:\/\/projetos.laizadreyer.com.br\/julianaestetica\/wp-content\/uploads\/2024\/10\/Design-sem-nome-38-300x200.png 300w, https:\/\/projetos.laizadreyer.com.br\/julianaestetica\/wp-content\/uploads\/2024\/10\/Design-sem-nome-38-1024x683.png 1024w, https:\/\/projetos.laizadreyer.com.br\/julianaestetica\/wp-content\/uploads\/2024\/10\/Design-sem-nome-38-768x512.png 768w, https:\/\/projetos.laizadreyer.com.br\/julianaestetica\/wp-content\/uploads\/2024\/10\/Design-sem-nome-38-1536x1024.png 1536w\" sizes=\"(max-width: 1600px) 100vw, 1600px\" \/>\t\t\t\t\t\t\t\t\t\t\t\t\t\t\t\t\t<\/div>\n\t\t\t\t<\/div>\n\n\t\t\t\t<div class=\"upk-content\">\n\t\t\t\t\t<div>\n\n\t\t\t\t\t\t\t\t<div class=\"upk-category\">\n\t\t\t<a href=\"https:\/\/projetos.laizadreyer.com.br\/julianaestetica\/category\/especialidades\/\">Especialidades<\/a>\t\t<\/div>\n\t\n\t\t\t\t\t\t<h3 class=\"upk-title\"><a href=\"https:\/\/projetos.laizadreyer.com.br\/julianaestetica\/o-que-e-o-preenchimento-labial\/\" title=\"O que \u00e9 o Preenchimento Labial?\" class=\"title-animation-underline\" >O que \u00e9 o Preenchimento Labial?<\/a><\/h3>\t\t\t\t\t\t<div class=\"upk-text-wrap\">\n\t\t\t\t\t\t\t\t\t<div class=\"upk-text\">\n\t\t\t<p>O preenchimento labial \u00e9 um procedimento est\u00e9tico n\u00e3o cir\u00fargico que visa aumentar o volume, definir o contorno e melhorar a simetria dos l\u00e1bios. Utilizando subst\u00e2ncias<\/p>\n\t\t<\/div>\n\t\t\t\t\t\t\t\t\t\t\t\t\t\t<\/div>\n\n\t\t\t\t\t\t\n\t\t\t\t\t<\/div>\n\t\t\t\t<\/div>\n\n\t\t\t<\/div>\n\t\t<\/div>\n\t\n\t\t\t\t\n\t\t\t\t\t\t\t<div class=\"upk-item\">\n\t\t\t<div class=\"upk-item-box\">\n\t\t\t\t<div class=\"upk-img-wrap\">\n\t\t\t\t\t<div class=\"upk-main-img\">\n\t\t\t\t\t\t<img decoding=\"async\" width=\"890\" height=\"594\" src=\"https:\/\/projetos.laizadreyer.com.br\/julianaestetica\/wp-content\/uploads\/2024\/10\/How-to-take-care-of-hair-890-x-594-px-5.png\" class=\"upk-img\" alt=\"O que \u00e9 Harmoniza\u00e7\u00e3o Facial e Como Funciona\" srcset=\"https:\/\/projetos.laizadreyer.com.br\/julianaestetica\/wp-content\/uploads\/2024\/10\/How-to-take-care-of-hair-890-x-594-px-5.png 890w, https:\/\/projetos.laizadreyer.com.br\/julianaestetica\/wp-content\/uploads\/2024\/10\/How-to-take-care-of-hair-890-x-594-px-5-300x200.png 300w, https:\/\/projetos.laizadreyer.com.br\/julianaestetica\/wp-content\/uploads\/2024\/10\/How-to-take-care-of-hair-890-x-594-px-5-768x513.png 768w\" sizes=\"(max-width: 890px) 100vw, 890px\" \/>\t\t\t\t\t\t\t\t\t\t\t\t\t\t\t\t\t<\/div>\n\t\t\t\t<\/div>\n\n\t\t\t\t<div class=\"upk-content\">\n\t\t\t\t\t<div>\n\n\t\t\t\t\t\t\t\t<div class=\"upk-category\">\n\t\t\t<a href=\"https:\/\/projetos.laizadreyer.com.br\/julianaestetica\/category\/especialidades\/\">Especialidades<\/a>\t\t<\/div>\n\t\n\t\t\t\t\t\t<h3 class=\"upk-title\"><a href=\"https:\/\/projetos.laizadreyer.com.br\/julianaestetica\/o-que-e-harmonizacao-facial-e-como-funciona\/\" title=\"O que \u00e9 Harmoniza\u00e7\u00e3o Facial e Como Funciona\" class=\"title-animation-underline\" >O que \u00e9 Harmoniza\u00e7\u00e3o Facial e Como Funciona<\/a><\/h3>\t\t\t\t\t\t<div class=\"upk-text-wrap\">\n\t\t\t\t\t\t\t\t\t<div class=\"upk-text\">\n\t\t\t<p>A harmoniza\u00e7\u00e3o facial \u00e9 um conjunto de procedimentos est\u00e9ticos que visa equilibrar as propor\u00e7\u00f5es do rosto, real\u00e7ando a beleza natural de cada indiv\u00edduo. Esse conceito<\/p>\n\t\t<\/div>\n\t\t\t\t\t\t\t\t\t\t\t\t\t\t<\/div>\n\n\t\t\t\t\t\t\n\t\t\t\t\t<\/div>\n\t\t\t\t<\/div>\n\n\t\t\t<\/div>\n\t\t<\/div>\n\t\n\t\t\t\t\n\t\t\t\t\t\t\t<div class=\"upk-item\">\n\t\t\t<div class=\"upk-item-box\">\n\t\t\t\t<div class=\"upk-img-wrap\">\n\t\t\t\t\t<div class=\"upk-main-img\">\n\t\t\t\t\t\t<img loading=\"lazy\" decoding=\"async\" width=\"1920\" height=\"1280\" src=\"https:\/\/projetos.laizadreyer.com.br\/julianaestetica\/wp-content\/uploads\/2024\/10\/Design-sem-nome-30.png\" class=\"upk-img\" alt=\"Rinomodela\u00e7\u00e3o\" srcset=\"https:\/\/projetos.laizadreyer.com.br\/julianaestetica\/wp-content\/uploads\/2024\/10\/Design-sem-nome-30.png 1920w, https:\/\/projetos.laizadreyer.com.br\/julianaestetica\/wp-content\/uploads\/2024\/10\/Design-sem-nome-30-300x200.png 300w, https:\/\/projetos.laizadreyer.com.br\/julianaestetica\/wp-content\/uploads\/2024\/10\/Design-sem-nome-30-1024x683.png 1024w, https:\/\/projetos.laizadreyer.com.br\/julianaestetica\/wp-content\/uploads\/2024\/10\/Design-sem-nome-30-768x512.png 768w, https:\/\/projetos.laizadreyer.com.br\/julianaestetica\/wp-content\/uploads\/2024\/10\/Design-sem-nome-30-1536x1024.png 1536w\" sizes=\"(max-width: 1920px) 100vw, 1920px\" \/>\t\t\t\t\t\t\t\t\t\t\t\t\t\t\t\t\t<\/div>\n\t\t\t\t<\/div>\n\n\t\t\t\t<div class=\"upk-content\">\n\t\t\t\t\t<div>\n\n\t\t\t\t\t\t\t\t<div class=\"upk-category\">\n\t\t\t<a href=\"https:\/\/projetos.laizadreyer.com.br\/julianaestetica\/category\/especialidades\/\">Especialidades<\/a>\t\t<\/div>\n\t\n\t\t\t\t\t\t<h3 class=\"upk-title\"><a href=\"https:\/\/projetos.laizadreyer.com.br\/julianaestetica\/rinomodelacao\/\" title=\"Rinomodela\u00e7\u00e3o\" class=\"title-animation-underline\" >Rinomodela\u00e7\u00e3o<\/a><\/h3>\t\t\t\t\t\t<div class=\"upk-text-wrap\">\n\t\t\t\t\t\t\t\t\t<div class=\"upk-text\">\n\t\t\t<p>A Rinomodela\u00e7\u00e3o, tamb\u00e9m conhecida como rinomodela\u00e7\u00e3o n\u00e3o cir\u00fargica ou preenchimento nasal, \u00e9 um procedimento est\u00e9tico minimamente invasivo que visa corrigir e harmonizar o formato do<\/p>\n\t\t<\/div>\n\t\t\t\t\t\t\t\t\t\t\t\t\t\t<\/div>\n\n\t\t\t\t\t\t\n\t\t\t\t\t<\/div>\n\t\t\t\t<\/div>\n\n\t\t\t<\/div>\n\t\t<\/div>\n\t\n\t\t\t\t\n\t\t\t\t\t\t\t<div class=\"upk-item\">\n\t\t\t<div class=\"upk-item-box\">\n\t\t\t\t<div class=\"upk-img-wrap\">\n\t\t\t\t\t<div class=\"upk-main-img\">\n\t\t\t\t\t\t<img loading=\"lazy\" decoding=\"async\" width=\"1500\" height=\"1000\" src=\"https:\/\/projetos.laizadreyer.com.br\/julianaestetica\/wp-content\/uploads\/2024\/10\/closeup-beauty-portrait-topless-woman-with-perfect-skin-natural-makeup-1-scaled-e1729879566482.jpg\" class=\"upk-img\" alt=\"Cuidados P\u00f3s- Procedimento Est\u00e9tico: Dicas Essenciais para uma Recupera\u00e7\u00e3o Suave e Eficiente\" \/>\t\t\t\t\t\t\t\t\t\t\t\t\t\t\t\t\t<\/div>\n\t\t\t\t<\/div>\n\n\t\t\t\t<div class=\"upk-content\">\n\t\t\t\t\t<div>\n\n\t\t\t\t\t\t\t\t<div class=\"upk-category\">\n\t\t\t<a href=\"https:\/\/projetos.laizadreyer.com.br\/julianaestetica\/category\/estetica\/\">Est\u00e9tica<\/a>\t\t<\/div>\n\t\n\t\t\t\t\t\t<h3 class=\"upk-title\"><a href=\"https:\/\/projetos.laizadreyer.com.br\/julianaestetica\/cuidados-pos-procedimento-estetico\/\" title=\"Cuidados P\u00f3s- Procedimento Est\u00e9tico: Dicas Essenciais para uma Recupera\u00e7\u00e3o Suave e Eficiente\" class=\"title-animation-underline\" >Cuidados P\u00f3s- Procedimento Est\u00e9tico: Dicas Essenciais para uma Recupera\u00e7\u00e3o Suave e Eficiente<\/a><\/h3>\t\t\t\t\t\t<div class=\"upk-text-wrap\">\n\t\t\t\t\t\t\t\t\t<div class=\"upk-text\">\n\t\t\t<p>Ap\u00f3s realizar um procedimento est\u00e9tico, como laser, preenchimento facial, peeling qu\u00edmico ou botox, \u00e9 fundamental seguir uma rotina de cuidados espec\u00edficos para otimizar os resultados<\/p>\n\t\t<\/div>\n\t\t\t\t\t\t\t\t\t\t\t\t\t\t<\/div>\n\n\t\t\t\t\t\t\n\t\t\t\t\t<\/div>\n\t\t\t\t<\/div>\n\n\t\t\t<\/div>\n\t\t<\/div>\n\t\n\t\t\t\t\n\t\t\t\t\t\t\t<div class=\"upk-item\">\n\t\t\t<div class=\"upk-item-box\">\n\t\t\t\t<div class=\"upk-img-wrap\">\n\t\t\t\t\t<div class=\"upk-main-img\">\n\t\t\t\t\t\t<img loading=\"lazy\" decoding=\"async\" width=\"1920\" height=\"1280\" src=\"https:\/\/projetos.laizadreyer.com.br\/julianaestetica\/wp-content\/uploads\/2024\/10\/view-from-rejuvenation-beautiful-woman-enjoying-cosmetology-procedures-beauty-salon-dermatology-hands-blue-glows-healthcare-therapy-botox-2.jpg\" class=\"upk-img\" alt=\"Mitos e Verdades sobre Procedimentos Est\u00e9ticos\" srcset=\"https:\/\/projetos.laizadreyer.com.br\/julianaestetica\/wp-content\/uploads\/2024\/10\/view-from-rejuvenation-beautiful-woman-enjoying-cosmetology-procedures-beauty-salon-dermatology-hands-blue-glows-healthcare-therapy-botox-2.jpg 1920w, https:\/\/projetos.laizadreyer.com.br\/julianaestetica\/wp-content\/uploads\/2024\/10\/view-from-rejuvenation-beautiful-woman-enjoying-cosmetology-procedures-beauty-salon-dermatology-hands-blue-glows-healthcare-therapy-botox-2-300x200.jpg 300w, https:\/\/projetos.laizadreyer.com.br\/julianaestetica\/wp-content\/uploads\/2024\/10\/view-from-rejuvenation-beautiful-woman-enjoying-cosmetology-procedures-beauty-salon-dermatology-hands-blue-glows-healthcare-therapy-botox-2-1024x683.jpg 1024w, https:\/\/projetos.laizadreyer.com.br\/julianaestetica\/wp-content\/uploads\/2024\/10\/view-from-rejuvenation-beautiful-woman-enjoying-cosmetology-procedures-beauty-salon-dermatology-hands-blue-glows-healthcare-therapy-botox-2-768x512.jpg 768w, https:\/\/projetos.laizadreyer.com.br\/julianaestetica\/wp-content\/uploads\/2024\/10\/view-from-rejuvenation-beautiful-woman-enjoying-cosmetology-procedures-beauty-salon-dermatology-hands-blue-glows-healthcare-therapy-botox-2-1536x1024.jpg 1536w\" sizes=\"(max-width: 1920px) 100vw, 1920px\" \/>\t\t\t\t\t\t\t\t\t\t\t\t\t\t\t\t\t<\/div>\n\t\t\t\t<\/div>\n\n\t\t\t\t<div class=\"upk-content\">\n\t\t\t\t\t<div>\n\n\t\t\t\t\t\t\t\t<div class=\"upk-category\">\n\t\t\t<a href=\"https:\/\/projetos.laizadreyer.com.br\/julianaestetica\/category\/estetica\/\">Est\u00e9tica<\/a>\t\t<\/div>\n\t\n\t\t\t\t\t\t<h3 class=\"upk-title\"><a href=\"https:\/\/projetos.laizadreyer.com.br\/julianaestetica\/mitos-e-verdades-sobre-procedimentos-esteticos-o-que-realmente-funciona\/\" title=\"Mitos e Verdades sobre Procedimentos Est\u00e9ticos\" class=\"title-animation-underline\" >Mitos e Verdades sobre Procedimentos Est\u00e9ticos<\/a><\/h3>\t\t\t\t\t\t<div class=\"upk-text-wrap\">\n\t\t\t\t\t\t\t\t\t<div class=\"upk-text\">\n\t\t\t<p>Os procedimentos est\u00e9ticos n\u00e3o cir\u00fargicos t\u00eam ganhado cada vez mais espa\u00e7o, sendo op\u00e7\u00f5es populares para quem busca melhorar a apar\u00eancia de forma menos invasiva. Entre<\/p>\n\t\t<\/div>\n\t\t\t\t\t\t\t\t\t\t\t\t\t\t<\/div>\n\n\t\t\t\t\t\t\n\t\t\t\t\t<\/div>\n\t\t\t\t<\/div>\n\n\t\t\t<\/div>\n\t\t<\/div>\n\t\n\t\t\t\t\n\t\t\t\t\t\t\t<div class=\"upk-item\">\n\t\t\t<div class=\"upk-item-box\">\n\t\t\t\t<div class=\"upk-img-wrap\">\n\t\t\t\t\t<div class=\"upk-main-img\">\n\t\t\t\t\t\t<img loading=\"lazy\" decoding=\"async\" width=\"1200\" height=\"931\" src=\"https:\/\/projetos.laizadreyer.com.br\/julianaestetica\/wp-content\/uploads\/2024\/10\/soap-face-woman-clean-skin-beauty-color-background-brown-scaled-e1729879444728.jpg\" class=\"upk-img\" alt=\"Rotina de Cuidados com a Pele para Cada Tipo de Pele: Guia Completo\" \/>\t\t\t\t\t\t\t\t\t\t\t\t\t\t\t\t\t<\/div>\n\t\t\t\t<\/div>\n\n\t\t\t\t<div class=\"upk-content\">\n\t\t\t\t\t<div>\n\n\t\t\t\t\t\t\t\t<div class=\"upk-category\">\n\t\t\t<a href=\"https:\/\/projetos.laizadreyer.com.br\/julianaestetica\/category\/beleza\/\">Beleza<\/a> <a href=\"https:\/\/projetos.laizadreyer.com.br\/julianaestetica\/category\/cuidados\/\">Cuidados<\/a>\t\t<\/div>\n\t\n\t\t\t\t\t\t<h3 class=\"upk-title\"><a href=\"https:\/\/projetos.laizadreyer.com.br\/julianaestetica\/rotina-de-cuidados-com-a-pele\/\" title=\"Rotina de Cuidados com a Pele para Cada Tipo de Pele: Guia Completo\" class=\"title-animation-underline\" >Rotina de Cuidados com a Pele para Cada Tipo de Pele: Guia Completo<\/a><\/h3>\t\t\t\t\t\t<div class=\"upk-text-wrap\">\n\t\t\t\t\t\t\t\t\t<div class=\"upk-text\">\n\t\t\t<p>Cuidar da pele diariamente \u00e9 fundamental para mant\u00ea-la saud\u00e1vel, protegida e com uma apar\u00eancia jovem. No entanto, nem todos os tipos de pele exigem os<\/p>\n\t\t<\/div>\n\t\t\t\t\t\t\t\t\t\t\t\t\t\t<\/div>\n\n\t\t\t\t\t\t\n\t\t\t\t\t<\/div>\n\t\t\t\t<\/div>\n\n\t\t\t<\/div>\n\t\t<\/div>\n\t\n\t\t\t\t\t\t\t<\/div>\n\t\t<\/div>\n\n\t\t\t\t\t\t<\/div>\n\t\t\t\t<\/div>\n\t\t\t\t<\/div>\n\t\t\t\t\t<\/div>\n\t\t\t\t<\/div>\n\t\t\t\t<\/div>\n\t\t","protected":false},"excerpt":{"rendered":"<p>Blog Especialidades O que \u00e9 o Preenchimento da Mand\u00edbula? O preenchimento da mand\u00edbula \u00e9 um procedimento est\u00e9tico n\u00e3o invasivo que visa redefinir e contornar a linha da mand\u00edbula, proporcionando um rosto mais harmonioso e Especialidades O que \u00e9 o Preenchimento Labial? O preenchimento labial \u00e9 um procedimento est\u00e9tico n\u00e3o cir\u00fargico que visa aumentar o volume, [&hellip;]<\/p>\n","protected":false},"author":1,"featured_media":0,"parent":0,"menu_order":0,"comment_status":"closed","ping_status":"closed","template":"elementor_header_footer","meta":{"_joinchat":[],"footnotes":""},"class_list":["post-400","page","type-page","status-publish","hentry"],"_links":{"self":[{"href":"https:\/\/projetos.laizadreyer.com.br\/julianaestetica\/wp-json\/wp\/v2\/pages\/400"}],"collection":[{"href":"https:\/\/projetos.laizadreyer.com.br\/julianaestetica\/wp-json\/wp\/v2\/pages"}],"about":[{"href":"https:\/\/projetos.laizadreyer.com.br\/julianaestetica\/wp-json\/wp\/v2\/types\/page"}],"author":[{"embeddable":true,"href":"https:\/\/projetos.laizadreyer.com.br\/julianaestetica\/wp-json\/wp\/v2\/users\/1"}],"replies":[{"embeddable":true,"href":"https:\/\/projetos.laizadreyer.com.br\/julianaestetica\/wp-json\/wp\/v2\/comments?post=400"}],"version-history":[{"count":0,"href":"https:\/\/projetos.laizadreyer.com.br\/julianaestetica\/wp-json\/wp\/v2\/pages\/400\/revisions"}],"wp:attachment":[{"href":"https:\/\/projetos.laizadreyer.com.br\/julianaestetica\/wp-json\/wp\/v2\/media?parent=400"}],"curies":[{"name":"wp","href":"https:\/\/api.w.org\/{rel}","templated":true}]}}